d 41875?
625
Calculate the greatest common factor of 34946 and 4677209.
101
What is the highest common factor of 37021784 and 34935?
2329
What is the greatest common divisor of 12 and 1699425?
3
Calculate the highest common divisor of 62 and 330340.
2
What is the greatest common divisor of 10746 and 5660982?
54
What is the greatest common factor of 37655 and 16855?
5
What is the highest common divisor of 23457693 and 1911?
21
Calculate the greatest common divisor of 15580 and 376580.
380
Calculate the highest common divisor of 4681152 and 276.
12
What is the greatest common factor of 42543 and 6534018?
1467
What is the highest common divisor of 123816 and 110796?
84
Calculate the greatest common divisor of 1600364 and 125677.
1153
What is the greatest common divisor of 14314413 and 54199?
653
Calculate the greatest common factor of 36180 and 294130.
670
What is the greatest common factor of 21823 and 48487409?
157
Calculate the greatest common divisor of 20775689 and 121.
11
What is the highest common factor of 316096 and 11176957?
4939
Calculate the greatest common factor of 19222 and 39263.
7
Calculate the greatest common factor of 215704 and 555712.
3656
Calculate the highest common divisor of 11568626 and 321.
107
Calculate the greatest common factor of 181 and 604503800.
181
What is the greatest common divisor of 9 and 44300811?
3
Calculate the greatest common factor of 1560780 and 11934.
234
What is the greatest common factor of 16376 and 3107168?
712
What is the greatest common factor of 438495816 and 73?
73
Calculate the highest common divisor of 8138400 and 36300.
300
Calculate the greatest common divisor of 314973767 and 123.
41
Calculate the highest common divisor of 466037 and 65.
13
Calculate the highest common divisor of 104 and 36917968.
8
What is the highest common divisor of 11696440 and 4070?
370
Calculate the highest common factor of 50767992 and 84456.
4968
Calculate the greatest common factor of 563764 and 133084.
388
Calculate the greatest common factor of 111684 and 41246.
82
What is the highest common divisor of 2587384 and 496?
248
Calculate the greatest common factor of 10433906 and 46662.
1414
What is the greatest common factor of 88 and 89513512?
88
Calculate the highest common factor of 68880 and 59592.
24
What is the highest common divisor of 5802599 and 11077?
583
Calculate the greatest common divisor of 3401301 and 4267.
251
Calculate the greatest common divisor of 44 and 716228.
4
What is the greatest common factor of 45804 and 2847?
3
Calculate the highest common divisor of 1809 and 19340555.
67
Calculate the highest common factor of 32745 and 161955.
885
What is the highest common divisor of 3337 and 1322768?
47
Calculate the highest common factor of 3248960 and 41600.
4160
What is the greatest common divisor of 494 and 13648498?
38
Calculate the greatest common factor of 8175 and 3430725.
75
Calculate the highest common divisor of 358511 and 475.
19
Calculate the greatest common factor of 507129 and 1953.
651
What is the highest common divisor of 849534 and 294930?
678
What is the highest common divisor of 988 and 495919?
19
What is the highest common divisor of 3720 and 1853304?
744
Calculate the highest common factor of 46233 and 10136702.
467
Calculate the highest common factor of 12748428 and 1095.
219
Calculate the greatest common factor of 400 and 9514880.
80
What is the highest common divisor of 38885 and 13297559?
1111
Calculate the highest common divisor of 897 and 29528889.
39
What is the highest common factor of 33930 and 13401567?
261
Calculate the greatest common divisor of 625394 and 1364.
682
Calculate the highest common divisor of 1540445 and 2650.
265
Calculate the highest common factor of 42195 and 263355.
1455
Calculate the highest common divisor of 3237412 and 408.
68
What is the highest common divisor of 117739505 and 455?
65
Calculate the highest common divisor of 90525048 and 1476.
492
What is the greatest common divisor of 267498 and 397773?
1737
What is the greatest common divisor of 1698920 and 12680?
40
What is the greatest common factor of 14582 and 2106782?
634
What is the greatest common factor of 832 and 1222832?
208
What is the highest common divisor of 336804 and 34925?
127
What is the highest common factor of 192 and 285894208?
64
Calculate the highest common factor of 2016 and 17755332.
84
What is the greatest common factor of 82588020 and 135?
15
What is the greatest common divisor of 832864 and 576?
32
Calculate the highest common divisor of 99 and 1179646215.
33
What is the highest common divisor of 57913 and 35641?
29
Calculate the highest common factor of 175047 and 250971.
2109
Calculate the highest common factor of 3876 and 2245479.
51
What is the highest common factor of 1643 and 7097698?
31
Calculate the greatest common factor of 135254982 and 1312.
82
What is the greatest common divisor of 7420 and 251485?
265
Calculate the highest common factor of 330 and 26533782.
66
Calculate the highest common divisor of 5950 and 4012745450.
5950
Calculate the greatest common factor of 721812 and 4284.
84
Calculate the greatest common divisor of 242784322 and 484.
242
Calculate the greatest common divisor of 382831825 and 118.
59
What is the greatest common divisor of 124 and 189167084?
124
What is the greatest common factor of 12625560 and 544?
136
Calculate the highest common divisor of 247755849 and 4686.
2343
Calculate the greatest common divisor of 184 and 30394664.
8
What is the greatest common divisor of 218175971 and 568?
71
Calculate the highest common factor of 304 and 774801.
19
Calculate the highest common divisor of 39405767 and 1803.
601
What is the greatest common factor of 1543824 and 7526?
142
Calculate the highest common divisor of 127984945 and 22.
11
What is the highest common divisor of 182654 and 1748693?
337
Calculate the greatest common divisor of 32 and 5147728.
16
Calculate the greatest common divisor of 27819 and 1405.
281
What is the greatest common factor of 484 and 190798003?
121
What is the greatest common factor of 2 and 267606034?
2
What is the greatest common divisor of 79594 and 68?
34
What is the highest common factor of 139740 and 33881?
17
What is the greatest common divisor of 406576 and 110?
2
Calculate the highest common divisor of 173797 and 19981.
377
Calculate the greatest common divisor of 248224 and 3232.
32
Calculate the highest common factor of 812265 and 195.
15
What is the highest common divisor of 12878474 and 1274?
98
Calculate the highest common divisor of 62546485 and 15.
5
What is the greatest common factor of 804 and 1052748?
12
What is the highest common factor of 1212 and 155388?
12
Calculate the highest common factor of 21482755 and 7844.
1961
What is the highest common factor of 129426 and 11946?
66
Calculate the greatest common factor of 300656 and 384721.
989
What is the highest common divisor of 342 and 367873497?
171
Calculate the highest common factor of 299936 and 4429.
103
What is the greatest common factor of 479586939 and 30654?
5109
Calculate the highest common factor of 39 and 8532550.
13
What is the greatest common divisor of 4094 and 260573310?
178
Calculate the highest common divisor of 20400 and 4023475.
425
What is the highest common divisor of 9959 and 666494?
23
Calculate the greatest common factor of 20413672 and 16.
8
Calculate the highest common divisor of 799071 and 780.
39
What is the greatest common factor of 10968 and 116856728?
3656
Calculate the greatest common factor of 2292 and 2246136.
12
Calculate the greatest common divisor of 4608 and 1012576.
32
What is the greatest common divisor of 73294 and 767?
13
What is the highest common divisor of 36355 and 3949475?
3305
Calculate the greatest common factor of 44824290 and 12.
6
Calculate the highest common factor of 317270045 and 365.
365
Calculate the greatest common factor of 136860740 and 100.
20
What is the greatest common divisor of 94407318 and 19071?
1467
Calculate the highest common factor of 246374 and 822994.
5242
Calculate the highest common factor of 568 and 1291703.
71
Calculate the greatest common factor of 588 and 13870332.
588
Calculate the greatest common divisor of 5270756 and 185523.
4757
What is the greatest common fa